e remainder when 297 is divided by 56?
17
Calculate the remainder when 82 is divided by 5.
2
What is the remainder when 1816 is divided by 70?
66
What is the remainder when 779 is divided by 71?
69
Calculate the remainder when 2896 is divided by 18.
16
What is the remainder when 76 is divided by 15?
1
Calculate the remainder when 108 is divided by 18.
0
Calculate the remainder when 755 is divided by 95.
90
What is the remainder when 1256 is divided by 418?
2
Calculate the remainder when 145 is divided by 104.
41
What is the remainder when 2068 is divided by 15?
13
What is the remainder when 362 is divided by 76?
58
What is the remainder when 672 is divided by 34?
26
What is the remainder when 1249 is divided by 395?
64
Calculate the remainder when 7950 is divided by 142.
140
Calculate the remainder when 2834 is divided by 28.
6
Calculate the remainder when 146 is divided by 129.
17
What is the remainder when 670 is divided by 84?
82
Calculate the remainder when 146 is divided by 47.
5
What is the remainder when 4301 is divided by 41?
37
Calculate the remainder when 5630 is divided by 18.
14
Calculate the remainder when 1170 is divided by 23.
20
What is the remainder when 729 is divided by 225?
54
What is the remainder when 233 is divided by 46?
3
Calculate the remainder when 168 is divided by 64.
40
What is the remainder when 287 is divided by 96?
95
What is the remainder when 196 is divided by 139?
57
Calculate the remainder when 4660 is divided by 13.
6
What is the remainder when 1090 is divided by 156?
154
What is the remainder when 323 is divided by 25?
23
Calculate the remainder when 765 is divided by 12.
9
What is the remainder when 96 is divided by 17?
11
Calculate the remainder when 28 is divided by 20.
8
What is the remainder when 80 is divided by 21?
17
What is the remainder when 2134 is divided by 89?
87
Calculate the remainder when 207 is divided by 51.
3
What is the remainder when 79 is divided by 18?
7
Calculate the remainder when 157 is divided by 27.
22
What is the remainder when 2515 is divided by 18?
13
Calculate the remainder when 423 is divided by 224.
199
What is the remainder when 2629 is divided by 10?
9
What is the remainder when 348 is divided by 332?
16
Calculate the remainder when 1036 is divided by 18.
10
What is the remainder when 17237 is divided by 5?
2
Calculate the remainder when 4972 is divided by 262.
256
Calculate the remainder when 5326 is divided by 144.
142
Calculate the remainder when 1468 is divided by 30.
28
What is the remainder when 177 is divided by 62?
53
What is the remainder when 6570 is divided by 153?
144
What is the remainder when 122 is divided by 39?
5
Calculate the remainder when 487 is divided by 49.
46
Calculate the remainder when 5275 is divided by 58.
55
What is the remainder when 3182 is divided by 23?
8
Calculate the remainder when 193 is divided by 38.
3
What is the remainder when 49 is divided by 39?
10
What is the remainder when 262 is divided by 77?
31
What is the remainder when 1471 is divided by 59?
55
What is the remainder when 371 is divided by 174?
23
What is the remainder when 206 is divided by 19?
16
What is the remainder when 1562 is divided by 58?
54
Calculate the remainder when 212 is divided by 116.
96
Calculate the remainder when 15945 is divided by 119.
118
Calculate the remainder when 206 is divided by 52.
50
Calculate the remainder when 1286 is divided by 10.
6
What is the remainder when 104 is divided by 20?
4
What is the remainder when 1243 is divided by 43?
39
Calculate the remainder when 203 is divided by 106.
97
What is the remainder when 47 is divided by 28?
19
What is the remainder when 97 is divided by 24?
1
What is the remainder when 81 is divided by 14?
11
What is the remainder when 239 is divided by 55?
19
What is the remainder when 95 is divided by 18?
5
What is the remainder when 160 is divided by 53?
1
What is the remainder when 452 is divided by 237?
215
What is the remainder when 453 is divided by 114?
111
Calculate the remainder when 1533 is divided by 48.
45
Calculate the remainder when 238 is divided by 57.
10
What is the remainder when 67 is divided by 17?
16
What is the remainder when 4574 is divided by 23?
20
What is the remainder when 4008 is divided by 19?
18
What is the remainder when 162 is divided by 3?
0
Calculate the remainder when 75 is divided by 13.
10
What is the remainder when 21133 is divided by 15?
13
Calculate the remainder when 1992 is divided by 50.
42
What is the remainder when 4885 is divided by 233?
225
What is the remainder when 169 is divided by 26?
13
What is the remainder when 2346 is divided by 197?
179
Calculate the remainder when 1814 is divided by 130.
124
What is the remainder when 6863 is divided by 132?
131
Calculate the remainder when 80 is divided by 23.
11
What is the remainder when 49 is divided by 4?
1
What is the remainder when 110 is divided by 4?
2
Calculate the remainder when 73 is divided by 9.
1
What is the remainder when 439 is divided by 129?
52
Calculate the remainder when 273 is divided by 7.
0
Calculate the remainder when 64 is divided by 11.
9
What is the remainder when 733 is divided by 46?
43
What is the remainder when 1301 is divided by 186?
185
What is the remainder when 490 is divided by 71?
64
Calculate the remainder when 119 is divided by 82.
37
Calculate the remainder when 2246 is divided by 180.
86
Calculate the remainder when 238 is divided by 113.
12
What is the remainder when 1602 is divided by 50?
2
What is the remainder when 953 is divided by 245?
218
What is the remainder when 175 is divided by 95?
80
What is the remainder when 165 is divided by 33?
0
What is the remainder when 31 is divided by 16?
15
Calculate the remainder when 66 is divided by 29.
8
Calculate the remainder when 11 is divided by 8.
3
What is the remainder when 186 is divided by 30?
6
Calculate the remainder when 186 is divided by 171.
15
What is the remainder when 235 is divided by 7?
4
Calculate the remainder when 556 is divided by 175.
31
What is the remainder when 1779 is divided by 22?
19
What is the remainder when 405 is divided by 29?
28
Calculate the remainder when 22 is divided by 13.
9
Calculate the remainder when 5793 is divided by 69.
66
Calculate the remainder when 74 is divided by 18.
2
Calculate the remainder when 399 is divided by 30.
9
What is the remainder when 100 is divided by 6?
4
Calculate the remainder when 264 is divided by 34.
26
What is the remainder when 1247 is divided by 87?
29
What is the remainder when 303 is divided by 300?
3
Calculate the remainder when 4 is divided by 4.
0
What is the remainder when 431 is divided by 27?
26
What is the remainder when 153 is divided by 12?
9
What is the remainder when 261 is divided by 70?
51
What is the remainder when 902 is divided by 155?
127
Calculate the remainder when 272 is divided by 72.
56
What is the remainder when 1755 is divided by 37?
16
Calculate the remainder when 257 is divided by 61.
13
Calculate the remainder when 7748 is divided by 141.
134
What is the remainder when 702 is divided by 14?
2
What is the remainder when 17968 is divided by 17?
16
Calculate the remainder when 87 is divided by 30.
27
What is the remainder when 4566 is divided by 25?
16
What is the remainder when 208 is divided by 58?
34
Calculate the remainder when 95 is divided by 17.
10
What is the remainder when 174 is divided by 14?
6
What is the remainder when 218 is divided by 32?
26
Calculate the remainder when 260 is divided by 125.
10
Calculate the remainder when 226 is divided by 26.
18
What is the remainder when 253 is divided by 124?
5
Calculate the remainder when 1519 is divided by 755.
9
Calculate the remainder when 7879 is divided by 83.
77
What is the remainder when 515 is divided by 101?
10
Calculate the remainder when 1220 is divided by 111.
110
What is the remainder when 112 is divided by 40?
32
What is the remainder when 667 is divided by 133?
2
What is the remainder when 160 is divided by 75?
10
Calculate the remainder when 182 is divided by 10.
2
Calculate the remainder when 1356 is divided by 34.
30
Calculate the remainder when 509 is divided by 6.
5
Calculate the remainder when 553 is divided by 59.
22
What is the remainder when 40 is divid